t are the prime factors of 608220?
2, 3, 5, 31, 109
What are the prime factors of 743931?
3, 59, 467
List the prime factors of 146627.
13, 11279
What are the prime factors of 682888?
2, 85361
What are the prime factors of 30944893?
7, 4420699
What are the prime factors of 4422967?
4422967
List the prime factors of 87060.
2, 3, 5, 1451
List the prime factors of 116896.
2, 13, 281
List the prime factors of 171941.
7, 11, 29
What are the prime factors of 739332?
2, 3, 11, 1867
List the prime factors of 1703874.
2, 3, 283979
List the prime factors of 255581.
131, 1951
List the prime factors of 841955.
5, 168391
What are the prime factors of 28860890?
2, 5, 2886089
List the prime factors of 219509.
227, 967
List the prime factors of 2360023.
2360023
List the prime factors of 419613.
3, 139871
What are the prime factors of 1414209?
3, 471403
What are the prime factors of 602635?
5, 11, 10957
What are the prime factors of 1550130?
2, 3, 5, 163, 317
What are the prime factors of 714318?
2, 3, 11, 79, 137
What are the prime factors of 13087388?
2, 269, 12163
What are the prime factors of 11290?
2, 5, 1129
What are the prime factors of 289203?
3, 96401
List the prime factors of 220691.
199, 1109
List the prime factors of 30713250.
2, 3, 5, 31, 1321
What are the prime factors of 1150097?
13, 88469
List the prime factors of 5613390.
2, 3, 5, 97, 643
What are the prime factors of 875015?
5, 175003
What are the prime factors of 1127222?
2, 31, 18181
List the prime factors of 62065.
5, 12413
List the prime factors of 187683.
3, 73, 857
What are the prime factors of 1398706?
2, 179, 3907
What are the prime factors of 692047?
23, 30089
List the prime factors of 362296.
2, 11, 23, 179
List the prime factors of 106203.
3, 35401
What are the prime factors of 14152?
2, 29, 61
What are the prime factors of 5439999?
3, 37, 49009
What are the prime factors of 130423?
130423
What are the prime factors of 439106?
2, 181, 1213
What are the prime factors of 37383049?
11, 59, 57601
List the prime factors of 21241748.
2, 11, 482767
What are the prime factors of 1349558?
2, 7, 47, 293
What are the prime factors of 2000840?
2, 5, 50021
List the prime factors of 527269.
19, 27751
What are the prime factors of 112306?
2, 233, 241
List the prime factors of 177301.
177301
List the prime factors of 647420.
2, 5, 32371
What are the prime factors of 101815?
5, 7, 2909
List the prime factors of 139325.
5, 5573
List the prime factors of 194277.
3, 31, 2089
What are the prime factors of 233151?
3, 23, 31, 109
List the prime factors of 2861042.
2, 1430521
What are the prime factors of 8003891?
7, 43, 26591
What are the prime factors of 229933?
11, 20903
What are the prime factors of 299727?
3, 17, 653
List the prime factors of 1014289.
31, 32719
What are the prime factors of 194290?
2, 5, 19429
What are the prime factors of 2632394?
2, 61, 21577
What are the prime factors of 2007934?
2, 41, 47, 521
What are the prime factors of 84005?
5, 53, 317
What are the prime factors of 1793748?
2, 3, 11, 107, 127
List the prime factors of 11351743.
13, 67, 13033
List the prime factors of 29095608.
2, 3, 31, 39107
List the prime factors of 293416.
2, 36677
What are the prime factors of 65450?
2, 5, 7, 11, 17
List the prime factors of 5671516.
2, 73, 19423
What are the prime factors of 102745?
5, 20549
List the prime factors of 1073234.
2, 19, 61, 463
List the prime factors of 687485.
5, 359, 383
List the prime factors of 325612.
2, 7, 29, 401
What are the prime factors of 12308424?
2, 3, 107, 4793
List the prime factors of 7683199.
1601, 4799
What are the prime factors of 3832451?
7, 547493
What are the prime factors of 662473?
7, 17, 19, 293
What are the prime factors of 13911707?
127, 109541
What are the prime factors of 696036?
2, 3, 11, 5273
List the prime factors of 107839.
107839
What are the prime factors of 24259?
17, 1427
List the prime factors of 8233046.
2, 41, 100403
List the prime factors of 3399978.
2, 3, 89, 6367
List the prime factors of 572964.
2, 3, 7, 19, 359
List the prime factors of 53534.
2, 13, 29, 71
What are the prime factors of 3891567?
3, 331, 3919
List the prime factors of 157085.
5, 89, 353
List the prime factors of 375442.
2, 187721
List the prime factors of 1921258.
2, 139, 6911
What are the prime factors of 48684?
2, 3, 4057
List the prime factors of 7871322.
2, 3, 43, 30509
List the prime factors of 2232147.
3, 59, 12611
What are the prime factors of 1560937?
7, 222991
What are the prime factors of 9412057?
1091, 8627
What are the prime factors of 3386994?
2, 3, 13, 173, 251
List the prime factors of 510413.
127, 4019
List the prime factors of 1753120.
2, 5, 10957
List the prime factors of 5099281.
11, 499, 929
List the prime factors of 2585435.
5, 517087
List the prime factors of 6515104.
2, 73, 2789
What are the prime factors of 10131725?
5, 405269
List the prime factors of 208355.
5, 7, 5953
List the prime factors of 901588.
2, 19, 11863
What are the prime factors of 944703?
3, 107, 109
What are the prime factors of 11265207?
3, 3755069
List the prime factors of 20212554.
2, 3, 317, 10627
List the prime factors of 1065000.
2, 3, 5, 71
What are the prime factors of 3636737?
13, 23, 12163
What are the prime factors of 16595132?
2, 19, 218357
What are the prime factors of 28549410?
2, 3, 5, 951647
What are the prime factors of 2723301?
3, 7, 1601
What are the prime factors of 927860?
2, 5, 17, 2729
List the prime factors of 2610254.
2, 373, 3499
List the prime factors of 2048498.
2, 1024249
What are the prime factors of 32024373?
3, 101, 105691
What are the prime factors of 888233?
17, 52249
List the prime factors of 339874.
2, 169937
What are the prime factors of 694123?
694123
List the prime factors of 159337.
159337
What are the prime factors of 196071?
3, 65357
What are the prime factors of 1735221?
3, 578407
What are the prime factors of 3624203?
11, 329473
What are the prime factors of 285404?
2, 7, 10193
List the prime factors of 7641063.
3, 53, 83, 193
What are the prime factors of 5137970?
2, 5, 23, 89, 251
List the prime factors of 249477.
3, 137, 607
What are the prime factors of 292720?
2, 5, 3659
List the prime factors of 208895.
5, 41, 1019
What are the prime factors of 17822402?
2, 13, 67, 787
List the prime factors of 4717559.
7, 11, 197, 311
List the prime factors of 9567091.
613, 15607
What are the prime factors of 13600957?
179, 75983
What are the prime factors of 9258508?
2, 7, 330661
What are the prime factors of 151653?
3, 50551
What are the prime factors of 22345323?
3, 7, 11, 13, 1063
List the prime factors of 13195054.
2, 23, 79, 3631
List the prime factors of 215786.
2, 23, 4691
What are the prime factors of 472531?
59, 8009
List the prime factors of 1360479.
3, 569, 797
List the prime factors of 2886655.
5, 577331
List the prime factors of 5996204.
2, 283, 5297
List the prime factors of 971219.
433, 2243
List the prime factors of 6835515.
3, 5, 455701
List the prime factors of 5550793.
19, 292147
What are the prime factors of 6024363?
3, 2008121
What are the prime factors of 5935899?
3, 251, 7883
What are the prime factors of 5773129?
5773129
List the prime factors of 5530729.
17, 19, 17123
List the prime factors of 4584423.
3, 1528141
What are the prime factors of 12099352?
2, 19, 79601
List the prime factors of 452688.
2, 3, 9431
List the prime factors of 3800899.
37, 43, 2389
What are the prime factors of 479364?
2, 3, 43, 929
List the prime factors of 245825.
5, 9833
What are the prime factors of 19672889?
23, 233, 3671
What are the prime factors of 7974933?
3, 71, 37441
List the prime factors of 324715.
5, 101, 643
What are the prime factors of 19991207?
1987, 10061
What are the prime factors of 8102543?
41, 83, 2381
List the prime factors of 313522.
2, 11, 14251
What are the prime factors of 5957624?
2, 53, 14051
List the prime factors of 1194230.
2, 5, 307, 389
What are the prime factors of 2534915?
5, 506983
List the prime factors of 1568368.
2, 83, 1181
What are the prime factors of 6719351?
269, 24979
List the prime factors of 717016.
2, 89627
List the prime factors of 786747.
3, 13, 20173
What are the prime factors of 777968?
2, 48623
List the prime factors of 253033.
11, 23003
What are the prime factors of 267245?
5, 11, 